common divisor of 2101 and 16999.
191
Calculate the highest common factor of 156 and 235824.
12
Calculate the greatest common divisor of 10143 and 644.
161
What is the highest common divisor of 657 and 1337871?
219
What is the highest common factor of 295 and 529820?
295
Calculate the greatest common factor of 35549 and 29.
1
What is the greatest common divisor of 49 and 78792?
49
What is the highest common factor of 31897 and 2101?
191
What is the highest common divisor of 1135 and 27467?
227
What is the greatest common factor of 17603 and 441289?
607
Calculate the highest common divisor of 3497 and 14795.
269
What is the greatest common factor of 115 and 26749?
23
What is the greatest common divisor of 387 and 1452?
3
What is the greatest common factor of 230 and 12720?
10
Calculate the highest common divisor of 2774 and 755915.
1387
Calculate the highest common divisor of 31510 and 20240.
230
What is the highest common divisor of 517533 and 4008?
501
What is the greatest common factor of 7093 and 1730?
173
What is the greatest common divisor of 22912 and 1488?
16
Calculate the highest common divisor of 78 and 379522.
26
Calculate the highest common factor of 363 and 16456.
121
What is the highest common factor of 1106476 and 8?
4
Calculate the highest common factor of 20910 and 5610.
510
What is the greatest common divisor of 70 and 47425?
35
What is the greatest common divisor of 30 and 51600?
30
Calculate the greatest common divisor of 72 and 11120.
8
Calculate the highest common factor of 148363 and 89.
89
What is the highest common factor of 7652 and 28?
4
Calculate the highest common factor of 18727 and 3233.
61
Calculate the greatest common divisor of 1740960 and 1224.
72
Calculate the greatest common divisor of 5 and 2626685.
5
Calculate the greatest common divisor of 63333 and 93.
93
What is the highest common divisor of 1351 and 54619?
193
What is the highest common factor of 17536 and 97544?
1096
Calculate the greatest common divisor of 54 and 179514.
18
Calculate the highest common divisor of 23 and 84433.
23
Calculate the greatest common divisor of 3311 and 679357.
301
Calculate the highest common divisor of 2933 and 606293.
419
Calculate the highest common factor of 1815277 and 34.
17
Calculate the greatest common factor of 33264 and 258192.
1584
Calculate the greatest common divisor of 15 and 12035.
5
What is the highest common factor of 12519 and 2340?
117
Calculate the highest common factor of 302421 and 21.
21
What is the highest common divisor of 2 and 45842?
2
Calculate the highest common factor of 60 and 911916.
12
What is the highest common factor of 207 and 10971?
207
What is the highest common factor of 4125 and 1695?
15
Calculate the highest common divisor of 202386 and 4806.
534
Calculate the greatest common divisor of 2286 and 324.
18
Calculate the greatest common factor of 2826 and 12.
6
What is the highest common factor of 276534 and 972?
486
What is the highest common divisor of 654 and 1394982?
654
Calculate the highest common factor of 13308 and 114.
6
What is the greatest common divisor of 2 and 4546?
2
What is the greatest common divisor of 176746 and 134?
134
What is the highest common divisor of 103845 and 7820?
115
What is the greatest common factor of 32 and 38224?
16
What is the greatest common factor of 4247 and 7471?
31
Calculate the highest common divisor of 975051 and 108.
27
Calculate the highest common factor of 8118 and 1944.
18
Calculate the greatest common factor of 266094 and 18.
18
What is the greatest common factor of 5775 and 403095?
1155
What is the highest common divisor of 209 and 43453?
19
What is the highest common factor of 488 and 4941?
61
What is the highest common divisor of 1195 and 389331?
239
What is the highest common divisor of 144 and 15216?
48
Calculate the greatest common divisor of 42784 and 2865.
191
What is the greatest common factor of 17515 and 8835?
155
What is the greatest common factor of 203568 and 48?
48
Calculate the highest common factor of 120 and 115480.
40
Calculate the greatest common factor of 1226424 and 120.
24
Calculate the greatest common divisor of 199 and 1131.
1
Calculate the highest common factor of 133 and 33971.
7
Calculate the greatest common divisor of 1033854 and 222.
222
Calculate the highest common factor of 3531 and 18843.
33
What is the greatest common factor of 169 and 482326?
169
Calculate the highest common factor of 5593 and 313922.
119
What is the greatest common divisor of 140 and 68?
4
What is the greatest common factor of 9 and 5388?
3
Calculate the highest common factor of 11760 and 49840.
560
What is the greatest common divisor of 13342 and 23702?
14
What is the greatest common divisor of 3657 and 57776?
23
What is the highest common factor of 27472 and 160?
16
What is the greatest common factor of 37 and 641321?
37
What is the highest common divisor of 20 and 508640?
20
What is the highest common divisor of 1080 and 1208760?
120
Calculate the highest common factor of 452134 and 46.
46
What is the highest common divisor of 347955 and 15?
15
What is the highest common factor of 207 and 5267?
23
What is the highest common factor of 492779 and 2870?
287
What is the greatest common factor of 37920 and 204?
12
Calculate the highest common factor of 300 and 188550.
150
What is the highest common factor of 9959200 and 80?
80
Calculate the greatest common divisor of 3714 and 228.
6
Calculate the highest common divisor of 5051178 and 8730.
1746
What is the greatest common divisor of 51898 and 14?
14
What is the highest common factor of 21245 and 17603?
607
Calculate the greatest common divisor of 4856544 and 432.
432
Calculate the greatest common divisor of 50995 and 1410.
235
Calculate the greatest common factor of 332442 and 2993.
73
Calculate the greatest common divisor of 2002 and 1263548.
286
Calculate the greatest common divisor of 2704 and 65520.
208
Calculate the greatest common divisor of 205193 and 1347.
449
What is the highest common divisor of 556 and 19?
1
What is the greatest common divisor of 9233 and 7?
7
What is the greatest common factor of 405 and 2702565?
405
Calculate the highest common factor of 42 and 116438.
14
What is the greatest common factor of 13366 and 7498?
326
What is the greatest common divisor of 53962 and 2?
2
Calculate the greatest common factor of 4305 and 2030.
35
What is the highest common factor of 8073 and 15663?
69
Calculate the highest common factor of 162 and 92430.
18
What is the greatest common divisor of 18 and 57438?
18
What is the highest common divisor of 2852 and 21576?
124
What is the highest common divisor of 784 and 3871?
49
What is the highest common divisor of 5739538 and 14?
14
What is the greatest common divisor of 58611 and 378?
21
Calculate the highest common divisor of 45611 and 459.
17
Calculate the greatest common factor of 36480 and 140160.
1920
What is the highest common factor of 9 and 63171?
9
What is the greatest common divisor of 1634 and 9994?
38
What is the greatest common factor of 272239 and 11?
11
Calculate the greatest common factor of 43566 and 26304.
822
Calculate the highest common divisor of 4850 and 18818.
194
Calculate the greatest common factor of 59644 and 31434.
806
Calculate the highest common factor of 6537 and 453.
3
Calculate the greatest common divisor of 135 and 63795.
15
What is the highest common divisor of 467068 and 196?
196
Calculate the highest common divisor of 1316574 and 322.
14
Calculate the highest common factor of 2 and 85084.
2
What is the highest common factor of 648 and 34704?
72
What is the highest common factor of 101010 and 325?
65
Calculate the greatest common divisor of 18 and 731502.
18
What is the highest common divisor of 159550 and 200?
50
What is the highest common factor of 6068629 and 259?
259
What is the greatest common divisor of 22 and 37334?
22
Calculate the greatest common factor of 532065 and 16164.
1347
Calculate the highest common factor of 11610 and 1350.
270
What is the highest common factor of 8618 and 7223?
31
Calculate the greatest common factor of 265 and 85.
5
Calculate the highest common divisor of 2679 and 1653.
57
Calculate the greatest common factor of 21 and 31073.
7
What is the greatest common facto